{"id":40,"date":"2015-06-01T11:51:59","date_gmt":"2015-06-01T11:51:59","guid":{"rendered":"http:\/\/wp.jm-gailingen.de\/?page_id=40"},"modified":"2026-03-24T16:19:52","modified_gmt":"2026-03-24T16:19:52","slug":"home","status":"publish","type":"page","link":"https:\/\/www.jm-gailingen.de\/","title":{"rendered":"Museum"},"content":{"rendered":"<p><div class=\"fusion-fullwidth fullwidth-box fusion-builder-row-1 has-pattern-background has-mask-background fusion-parallax-none hundred-percent-fullwidth non-hundred-percent-height-scrolling fusion-no-small-visibility\" style=\"--awb-border-radius-top-left:0px;--awb-border-radius-top-right:0px;--awb-border-radius-bottom-right:0px;--awb-border-radius-bottom-left:0px;--awb-padding-top:150px;--awb-padding-right:0px;--awb-padding-bottom:250px;--awb-padding-left:0px;--awb-background-image:url(&quot;https:\/\/jm-gailingen.de\/wp-content\/uploads\/2024\/02\/header-image.jpg&quot;);--awb-background-size:cover;--awb-flex-wrap:wrap;\" ><div class=\"fusion-builder-row fusion-row\"><div class=\"fusion-layout-column fusion_builder_column fusion-builder-column-0 fusion_builder_column_1_1 1_1 fusion-one-full fusion-column-first fusion-column-last\" style=\"--awb-bg-image:url(&#039;http:\/\/wp.jm-gailingen.de\/wp-content\/uploads\/2024\/02\/header-image.jpg&#039;);--awb-bg-size:cover;\" data-scroll-devices=\"small-visibility,medium-visibility,large-visibility\"><div class=\"fusion-column-wrapper fusion-column-has-shadow fusion-flex-column-wrapper-legacy fusion-empty-column-bg-image fusion-column-has-bg-image\" data-bg-url=\"http:\/\/wp.jm-gailingen.de\/wp-content\/uploads\/2024\/02\/header-image.jpg\"><img decoding=\"async\" class=\"fusion-empty-dims-img-placeholder fusion-no-large-visibility\" src=\"data:image\/gif;base64,R0lGODlhAQABAAAAACH5BAEKAAEALAAAAAABAAEAAAICTAEAOw==\"><div class=\"fusion-clearfix\"><\/div><\/div><\/div><\/div><\/div><div class=\"fusion-fullwidth fullwidth-box fusion-builder-row-2 has-pattern-background has-mask-background nonhundred-percent-fullwidth non-hundred-percent-height-scrolling\" style=\"--awb-background-position:left top;--awb-border-sizes-top:0px;--awb-border-sizes-bottom:0px;--awb-border-sizes-left:0px;--awb-border-sizes-right:0px;--awb-border-radius-top-left:0px;--awb-border-radius-top-right:0px;--awb-border-radius-bottom-right:0px;--awb-border-radius-bottom-left:0px;--awb-padding-top:0px;--awb-padding-right:15%;--awb-padding-bottom:100px;--awb-padding-left:15%;--awb-margin-top:20px;--awb-flex-wrap:wrap;\" ><div class=\"fusion-builder-row fusion-row\"><div class=\"fusion-layout-column fusion_builder_column fusion-builder-column-1 fusion_builder_column_1_1 1_1 fusion-one-full fusion-column-first fusion-column-last fusion-column-no-min-height\" style=\"--awb-padding-bottom:30px;--awb-bg-size:cover;--awb-margin-bottom:20px;\" data-scroll-devices=\"small-visibility,medium-visibility,large-visibility\"><div class=\"fusion-column-wrapper fusion-column-has-shadow fusion-flex-column-wrapper-legacy\"><div class=\"fusion-content-boxes content-boxes columns row fusion-columns-2 fusion-columns-total-3 fusion-content-boxes-1 content-boxes-icon-with-title content-left\" style=\"--awb-backgroundcolor:#ffffff;--awb-body-color:#ffffff;--awb-title-color:#ffeb3b;--awb-hover-accent-color:#ffeb3b;--awb-circle-hover-accent-color:#ffeb3b;\" data-animationOffset=\"top-into-view\"><div style=\"--awb-backgroundcolor:#747474;\" class=\"fusion-column content-box-column content-box-column content-box-column-1 col-lg-6 col-md-6 col-sm-6 fusion-content-box-hover content-box-column-first-in-row\"><div class=\"col content-box-wrapper content-wrapper-background link-area-link-icon icon-hover-animation-fade fusion-animated\" data-animationType=\"slideInLeft\" data-animationDuration=\"0.3\" data-animationOffset=\"top-into-view\"><div class=\"heading icon-left\"><h2 class=\"content-box-heading fusion-responsive-typography-calculated\" style=\"--h2_typography-font-size:20px;--fontSize:20;line-height:1.29;\">Veranstaltung im April<\/h2><\/div><div class=\"fusion-clearfix\"><\/div><div class=\"content-container\">\n<p><img decoding=\"async\" class=\"alignnone wp-image-2730\" src=\"https:\/\/www.jm-gailingen.de\/wp-content\/uploads\/2026\/03\/Unbenannt-1-Im-Dialog-194x300.jpeg\" alt=\"\" width=\"218\" height=\"337\" srcset=\"https:\/\/jm-gailingen.de\/wp-content\/uploads\/2026\/03\/Unbenannt-1-Im-Dialog-194x300.jpeg 194w, https:\/\/jm-gailingen.de\/wp-content\/uploads\/2026\/03\/Unbenannt-1-Im-Dialog-200x309.jpeg 200w, https:\/\/jm-gailingen.de\/wp-content\/uploads\/2026\/03\/Unbenannt-1-Im-Dialog-400x618.jpeg 400w, https:\/\/jm-gailingen.de\/wp-content\/uploads\/2026\/03\/Unbenannt-1-Im-Dialog-600x927.jpeg 600w, https:\/\/jm-gailingen.de\/wp-content\/uploads\/2026\/03\/Unbenannt-1-Im-Dialog-663x1024.jpeg 663w, https:\/\/jm-gailingen.de\/wp-content\/uploads\/2026\/03\/Unbenannt-1-Im-Dialog-768x1187.jpeg 768w, https:\/\/jm-gailingen.de\/wp-content\/uploads\/2026\/03\/Unbenannt-1-Im-Dialog-800x1236.jpeg 800w, https:\/\/jm-gailingen.de\/wp-content\/uploads\/2026\/03\/Unbenannt-1-Im-Dialog-994x1536.jpeg 994w, https:\/\/jm-gailingen.de\/wp-content\/uploads\/2026\/03\/Unbenannt-1-Im-Dialog-1200x1855.jpeg 1200w, https:\/\/jm-gailingen.de\/wp-content\/uploads\/2026\/03\/Unbenannt-1-Im-Dialog-1325x2048.jpeg 1325w, https:\/\/jm-gailingen.de\/wp-content\/uploads\/2026\/03\/Unbenannt-1-Im-Dialog-scaled.jpeg 1656w\" sizes=\"(max-width: 218px) 100vw, 218px\" \/><\/p>\n<\/div><\/div><\/div><div style=\"--awb-backgroundcolor:#747474;\" class=\"fusion-column content-box-column content-box-column content-box-column-2 col-lg-6 col-md-6 col-sm-6 fusion-content-box-hover content-box-column-last-in-row\"><div class=\"col content-box-wrapper content-wrapper-background link-area-link-icon icon-hover-animation-fade fusion-animated\" data-animationType=\"slideInLeft\" data-animationDuration=\"0.3\" data-animationOffset=\"top-into-view\"><div class=\"heading icon-left\"><h2 class=\"content-box-heading fusion-responsive-typography-calculated\" style=\"--h2_typography-font-size:20px;--fontSize:20;line-height:1.29;\">Wanderausstellung 1. M\u00e4rz - 1. Mai<\/h2><\/div><div class=\"fusion-clearfix\"><\/div><div class=\"content-container\">\n<p><img decoding=\"async\" class=\"alignnone wp-image-2725\" src=\"https:\/\/www.jm-gailingen.de\/wp-content\/uploads\/2026\/03\/Ausstellung-Fotos-212x300.png\" alt=\"\" width=\"257\" height=\"363\" srcset=\"https:\/\/jm-gailingen.de\/wp-content\/uploads\/2026\/03\/Ausstellung-Fotos-200x283.png 200w, https:\/\/jm-gailingen.de\/wp-content\/uploads\/2026\/03\/Ausstellung-Fotos-212x300.png 212w, https:\/\/jm-gailingen.de\/wp-content\/uploads\/2026\/03\/Ausstellung-Fotos-400x566.png 400w, https:\/\/jm-gailingen.de\/wp-content\/uploads\/2026\/03\/Ausstellung-Fotos-600x849.png 600w, https:\/\/jm-gailingen.de\/wp-content\/uploads\/2026\/03\/Ausstellung-Fotos-724x1024.png 724w, https:\/\/jm-gailingen.de\/wp-content\/uploads\/2026\/03\/Ausstellung-Fotos-768x1086.png 768w, https:\/\/jm-gailingen.de\/wp-content\/uploads\/2026\/03\/Ausstellung-Fotos-800x1131.png 800w, https:\/\/jm-gailingen.de\/wp-content\/uploads\/2026\/03\/Ausstellung-Fotos-1086x1536.png 1086w, https:\/\/jm-gailingen.de\/wp-content\/uploads\/2026\/03\/Ausstellung-Fotos-1200x1697.png 1200w, https:\/\/jm-gailingen.de\/wp-content\/uploads\/2026\/03\/Ausstellung-Fotos-1448x2048.png 1448w, https:\/\/jm-gailingen.de\/wp-content\/uploads\/2026\/03\/Ausstellung-Fotos-scaled.png 1810w\" sizes=\"(max-width: 257px) 100vw, 257px\" \/><\/p>\n<p>Im Souterrain des J\u00fcdischen Museums<\/p>\n<\/div><\/div><\/div><div style=\"--awb-backgroundcolor:#747474;\" class=\"fusion-column content-box-column content-box-column content-box-column-3 col-lg-6 col-md-6 col-sm-6 fusion-content-box-hover content-box-column-first-in-row content-box-column-last\"><div class=\"col content-box-wrapper content-wrapper-background link-area-link-icon icon-hover-animation-fade fusion-animated\" data-animationType=\"slideInLeft\" data-animationDuration=\"0.3\" data-animationOffset=\"top-into-view\"><div class=\"heading icon-left\"><h2 class=\"content-box-heading fusion-responsive-typography-calculated\" style=\"--h2_typography-font-size:20px;--fontSize:20;line-height:1.29;\">\u00d6ffnungszeiten und Kontakt<\/h2><\/div><div class=\"fusion-clearfix\"><\/div><div class=\"content-container\">\n<div class=\"reading-box-additional\">\n<p><strong>\u00d6ffnungszeiten:<br \/>\nDienstag bis Freitag 10-17 Uhr<br \/>\nSonntag 10-17 Uhr<br \/>\n<\/strong><\/p>\n<p>F\u00fcr Gruppenf\u00fchrungen schreiben Sie bitte eine Email an info@jm-gailingen.de.<br \/>\nWir freuen uns auf Ihren Besuch.<\/p>\n<p class=\"bodytext\"><b>J\u00fcdisches Museum Gailingen<br \/>\n<\/b>Ramsener Stra\u00dfe 12<br \/>\nD-78262 Gailingen am Hochrhein<\/p>\n<p class=\"bodytext\"><b>Telefon<\/b><br \/>\n+49 (0) 7734-934226<\/p>\n<p class=\"bodytext\"><b>E-Mail<\/b><br \/>\n<a class=\"mail\" title=\"Opens window for sending email\" href=\"mailto:info@jm-gailingen.de\">info@jm-gailingen.de<\/a><\/p>\n<\/div>\n<\/div><\/div><\/div><div class=\"fusion-clearfix\"><\/div><\/div><div class=\"fusion-modal modal fade modal-1 a1\" tabindex=\"-1\" role=\"dialog\" aria-labelledby=\"modal-heading-1\" aria-hidden=\"true\" style=\"--awb-border-color:#ebebeb;--awb-background:#f6f6f6;\"><div class=\"modal-dialog modal-lg\" role=\"document\"><div class=\"modal-content fusion-modal-content\"><div class=\"modal-header\"><button class=\"close\" type=\"button\" data-dismiss=\"modal\" aria-hidden=\"true\" aria-label=\"Close\">&times;<\/button><h3 class=\"modal-title\" id=\"modal-heading-1\" data-dismiss=\"modal\" aria-hidden=\"true\"><\/h3><\/div><div class=\"modal-body fusion-clearfix\"><\/div><div class=\"modal-footer\"><button class=\"fusion-button button-default button-medium button default medium\" type=\"button\" data-dismiss=\"modal\">Close<\/button><\/div><\/div><\/div><\/div><div class=\"fusion-text fusion-text-1\"><h3 style=\"text-align: left;\">Das J\u00fcdische Museum Gailingen<\/h3>\n<p style=\"text-align: left;\">Das J\u00fcdische Museum Gailingen dokumentiert exemplarisch die j\u00fcdische Geschichte in Gailingen und am Hochrhein und die Lebenswelt des Gailinger Judentums, ber\u00fccksichtigt in kleinerem Rahmen aber auch die j\u00fcdischen Landgemeinden im Hegau \u2013 Randegg, Wangen und Worblingen. Dargestellt werden die regionalen Verflechtungen der j\u00fcdischen Gemeinde Gailingen bis Konstanz\/Kreuzlingen, Winterthur\/Z\u00fcrich und Waldshut-Tiengen und die vielf\u00e4ltigen Bez\u00fcge zum Judentum allgemein sowie zu Staat und Gesellschaft.<\/p>\n<p style=\"text-align: left;\">Unter dem Leitgedanken \u201eHeimat Gailingen\u201c bewahrt die Dauerausstellung die Erinnerung an die j\u00fcdischen Mitb\u00fcrger und deren Anteil an der Entwicklung des Ortes und der Region. Damit macht sie auch den Verlust an Gestaltungskraft f\u00fcr den Ort und den Verlust f\u00fcr die Gemeinschaft bewusst. Nat\u00fcrlich wird auch die Unmenschlichkeit des Zivilisationsbruchs durch Entrechtung, Verfolgung, Deportation und Ermordung der j\u00fcdischen Mitb\u00fcrgerinnen und Mitb\u00fcrger thematisiert.<\/p>\n<p style=\"text-align: left;\">Trotz der Ausl\u00f6schung der j\u00fcdischen Gemeinde in Gailingen ist der Ort bis heute Bezugspunkt der in aller Welt verstreuten Nachfahren ehemaliger Gailinger Juden geblieben. Beispiel hierf\u00fcr ist der j\u00fcdische Friedhof in Gailingen. Bis heute besuchen Nachkommen der j\u00fcdischen Familien Gailingen auf der Suche nach ihren Wurzeln.<\/p>\n<p style=\"text-align: left;\">Das J\u00fcdische Museum Gailingen befindet sich im ersten Stock des B\u00fcrgerhauses, des ehemaligen j\u00fcdischen Schul- und Gemeindehauses, das 1845-47 gegen\u00fcber der Synagoge erbaut wurde. Schon dieser Ort ist von gro\u00dfer Bedeutung und deshalb gleichsam selbst Exponat: das j\u00fcdische Schul- und Gemeindehaus war neben der Synagoge der Bezugspunkt \u00f6ffentlichen Lebens in Gailingen. Erg\u00e4nzt wird das Museum durch das erhalten gebliebene Ritualbad (Mikwe) im Untergeschoss des Geb\u00e4udes und den neu gestalteten Leopold Guggenheim Saal, in dem Kultgegenst\u00e4nde und das Mobiliar des Gebetsraums der j\u00fcdischen Gemeinde Kreuzlingen\/Schweiz ausgestellt sind.<\/p>\n<p style=\"text-align: left;\">Tr\u00e4ger des Museums ist der Verein f\u00fcr j\u00fcdische Geschichte Gailingen e.V.<br \/>\nBitte beachten Sie unsere <a href=\"http:\/\/www.jm-gailingen.de\/?page_id=1781\">Hausordnung.<\/a><\/p>\n<\/div><div class=\"fusion-sep-clear\"><\/div><div class=\"fusion-separator fusion-full-width-sep\" style=\"margin-left: auto;margin-right: auto;margin-top:15px;margin-bottom:15px;width:100%;\"><\/div><div class=\"fusion-sep-clear\"><\/div><div class=\"fusion-clearfix\"><\/div><\/div><\/div><\/div><\/div><\/p>\n","protected":false},"excerpt":{"rendered":"","protected":false},"author":1,"featured_media":0,"parent":0,"menu_order":0,"comment_status":"closed","ping_status":"open","template":"100-width.php","meta":{"footnotes":""},"class_list":["post-40","page","type-page","status-publish","hentry"],"_links":{"self":[{"href":"https:\/\/www.jm-gailingen.de\/index.php?rest_route=\/wp\/v2\/pages\/40","targetHints":{"allow":["GET"]}}],"collection":[{"href":"https:\/\/www.jm-gailingen.de\/index.php?rest_route=\/wp\/v2\/pages"}],"about":[{"href":"https:\/\/www.jm-gailingen.de\/index.php?rest_route=\/wp\/v2\/types\/page"}],"author":[{"embeddable":true,"href":"https:\/\/www.jm-gailingen.de\/index.php?rest_route=\/wp\/v2\/users\/1"}],"replies":[{"embeddable":true,"href":"https:\/\/www.jm-gailingen.de\/index.php?rest_route=%2Fwp%2Fv2%2Fcomments&post=40"}],"version-history":[{"count":421,"href":"https:\/\/www.jm-gailingen.de\/index.php?rest_route=\/wp\/v2\/pages\/40\/revisions"}],"predecessor-version":[{"id":2732,"href":"https:\/\/www.jm-gailingen.de\/index.php?rest_route=\/wp\/v2\/pages\/40\/revisions\/2732"}],"wp:attachment":[{"href":"https:\/\/www.jm-gailingen.de\/index.php?rest_route=%2Fwp%2Fv2%2Fmedia&parent=40"}],"curies":[{"name":"wp","href":"https:\/\/api.w.org\/{rel}","templated":true}]}}